{"id":120,"date":"2023-10-06T06:00:03","date_gmt":"2023-10-06T06:00:03","guid":{"rendered":"https:\/\/advokathusetgothia.se\/?page_id=120"},"modified":"2023-10-11T13:11:24","modified_gmt":"2023-10-11T13:11:24","slug":"integritetspolicy","status":"publish","type":"page","link":"https:\/\/advokathusetgothia.se\/?page_id=120","title":{"rendered":"Integritetspolicy"},"content":{"rendered":"<p>[et_pb_section fb_built=&#8221;1&#8243; _builder_version=&#8221;4.20.0&#8243; _module_preset=&#8221;default&#8221; global_colors_info=&#8221;{}&#8221;][et_pb_row _builder_version=&#8221;4.20.0&#8243; _module_preset=&#8221;default&#8221; global_colors_info=&#8221;{}&#8221;][et_pb_column type=&#8221;4_4&#8243; _builder_version=&#8221;4.20.0&#8243; _module_preset=&#8221;default&#8221; global_colors_info=&#8221;{}&#8221;][et_pb_text _builder_version=&#8221;4.20.0&#8243; _module_preset=&#8221;default&#8221; global_colors_info=&#8221;{}&#8221;]<\/p>\n<div class=\"post_content entry-content\">\n<p><strong>Behandling av personuppgifter \u2013 information enligt Dataskyddsf\u00f6rordningen (2016\/679\/EG)<\/strong><\/p>\n<p>Advokathuset Gothia AB \u00e4r personuppgiftsansvarig f\u00f6r de personuppgifter avseende kontaktpersoner vi erh\u00e5ller i samband med uppdrag eller som annars behandlas n\u00e4r uppdraget f\u00f6rbereds eller administreras. Du \u00e4r inte skyldig att l\u00e4mna personuppgifter till oss men utan att det sker kan vi inte \u00e5ta oss ett uppdrag eftersom vi inte kan genomf\u00f6ra n\u00f6dv\u00e4ndig j\u00e4vs- och penningtv\u00e4ttskontroll.<\/p>\n<p>Vi behandlar uppgifterna f\u00f6r att genomf\u00f6ra obligatorisk j\u00e4vs- och (i f\u00f6rekommande fall) penningtv\u00e4ttskontroll, utf\u00f6ra och administrera uppdraget, f\u00f6r att tillvarata dina intressen, f\u00f6r redovisnings- och fakturerings\u00e4ndam\u00e5l. Dessa uppgifter behandlas p\u00e5 grundval av att behandlingen \u00e4r n\u00f6dv\u00e4ndig f\u00f6r att fullg\u00f6ra en uppgift av allm\u00e4nt intresse, att den \u00e4r n\u00f6dv\u00e4ndig f\u00f6r fullg\u00f6randet av ett avtal med dig, f\u00f6r att fullg\u00f6ra f\u00f6rpliktelser som f\u00f6ljer av lag eller annan f\u00f6rfattning, efter intresseavv\u00e4gning och\/ eller p\u00e5 grundval av att vi f\u00e5tt samtycke till behandlingen.<\/p>\n<p>Uppgifterna kan ocks\u00e5 anv\u00e4ndas f\u00f6r aff\u00e4rs- och metodutveckling, marknadsanalys, statistik och riskhantering. Uppgifterna som behandlas i syfte att utveckla och analysera verksamheten behandlas p\u00e5 grundval av v\u00e5rt ber\u00e4ttigade intresse att utveckla verksamheten och kommunicera med v\u00e5ra kontakter.<\/p>\n<p>Vi kommer inte att l\u00e4mna ut personuppgifter till utomst\u00e5ende annat \u00e4n i de fall d\u00e5 (i) det s\u00e4rskilt \u00f6verenskommits mellan advokatbyr\u00e5n och dig, (ii) d\u00e5 det inom ramen f\u00f6r ett visst uppdrag \u00e4r n\u00f6dv\u00e4ndigt f\u00f6r att tillvarata dina r\u00e4ttigheter, (iii) om det \u00e4r n\u00f6dv\u00e4ndigt f\u00f6r att vi skall fullg\u00f6ra lagstadgad skyldighet eller efterkomma myndighetsbeslut eller beslut av domstol, eller (iv) f\u00f6r det fall vi anlitar utomst\u00e5ende tj\u00e4nsteleverant\u00f6rer som utf\u00f6r uppdrag f\u00f6r v\u00e5r r\u00e4kning. Uppgifterna kan komma att l\u00e4mnas ut till domstolar, myndigheter, motparter och motpartsombud om det \u00e4r n\u00f6dv\u00e4ndigt f\u00f6r att tillvarata dina r\u00e4ttigheter.<\/p>\n<p>Personuppgifterna sparas, i enlighet med den skyldighet som \u00e5vilar Advokathuset Gothia enligt V\u00e4gledande regler f\u00f6r god advokatsed, under en tid om tio \u00e5r fr\u00e5n dagen f\u00f6r \u00e4rendets slutf\u00f6rande, eller den l\u00e4ngre tid som p\u00e5kallas av \u00e4rendets natur.<\/p>\n<p>Du har r\u00e4tt att kostnadsfritt beg\u00e4ra information fr\u00e5n Advokathuset Gothia om anv\u00e4ndningen av de personuppgifter som r\u00f6r dig. Vi kommer p\u00e5 din beg\u00e4ran eller p\u00e5 eget initiativ r\u00e4tta eller radera uppgifter som \u00e4r felaktiga eller begr\u00e4nsa behandlingen av s\u00e5dana uppgifter. Du har vidare r\u00e4tt att beg\u00e4ra att dina uppgifter inte behandlas f\u00f6r direktmarknadsf\u00f6rings\u00e4ndam\u00e5l. Du har ocks\u00e5 r\u00e4tt att f\u00e5 del av dina personuppgifter i ett maskinl\u00e4sbart format [eller, om det \u00e4r tekniskt m\u00f6jligt, att f\u00e5 uppgifterna \u00f6verf\u00f6rda till en tredje part som du anvisar]. Om du \u00e4r missn\u00f6jd med v\u00e5r behandling kan du l\u00e4mna in ett klagom\u00e5l till en tillsynsmyndighet vilket i Sverige \u00e4r Datainspektionen\u00a0<a href=\"http:\/\/www.datainspektionen.se\/\" target=\"_blank\" rel=\"nofollow noopener\">(www.datainspektionen.se<\/a>). Du kan ocks\u00e5 v\u00e4nda dig till tillsynsmyndigheten i det land d\u00e4r du bor eller arbetar.<\/p>\n<p>Kontakta oss p\u00e5 info@advokathusetgothia.se eller adress nedan om du har n\u00e5gra fr\u00e5gor r\u00f6rande v\u00e5r personuppgiftsbehandling.<\/p>\n<p>Personuppgiftsansvarig \u00e4r Advokathuset Gothia AB, Org nr:\u00a0<a>556945-0264<\/a>, Norra Hamngatan 18, 411 06 G\u00d6TEBORG, 031- 403078, www.advokathusetgothia.se , e-mail: info@advokathusetgothia.se.<\/p>\n<p>&nbsp;<\/p>\n<p><strong>Information om cookies<\/strong><\/p>\n<p>En kaka\/cookie \u00e4r en textfil som en webbplats beg\u00e4r att f\u00e5 spara p\u00e5 bes\u00f6karens dator, surfplatta eller mobiltelefon. Cookies \u00a0anv\u00e4nds ofta f\u00f6r att ge bes\u00f6karna tillg\u00e5ng till olika funktioner p\u00e5 webbplatser och f\u00f6r att webbplatsen ska fungera optimalt (s.k. \u201dfunktionella cookies\/kakor\u201d). Vi anv\u00e4nder oss av funktionella cookies.<\/p>\n<p>Cookies kan ocks\u00e5 anv\u00e4ndas f\u00f6r att f\u00f6lja anv\u00e4ndarens surfande p\u00e5 webbplatser som anv\u00e4nder samma kaka. M\u00e5nga webbplatser anv\u00e4nder cookies i exempelvis statistik och marknadsf\u00f6ringssyfte.<\/p>\n<p>Vanliga cookies brukar delas in i tv\u00e5 huvudtyper. Den ena typen sparar en fil p\u00e5 din dator under en l\u00e4ngre tid och har ett utg\u00e5ngsdatum. Den anv\u00e4nds exempelvis vid funktioner som talar om vad som \u00e4r nytt sedan sist du bes\u00f6kte den aktuella webbplatsen. N\u00e4r utg\u00e5ngsdatumet har passerats raderas denna fr\u00e5n din dator och skapas p\u00e5 nytt vid n\u00e4sta bes\u00f6k p\u00e5 webbplatsen.<\/p>\n<p>Den andra typen kallas sessionskakor. Dessa har inget utg\u00e5ngsdatum. N\u00e4r du \u00e4r inne och surfar p\u00e5 en sida lagras den tillf\u00e4lligt p\u00e5 din dator f\u00f6r att exempelvis h\u00e5lla reda p\u00e5 vilket spr\u00e5k du har valt. Sessionskakor lagras inte under en l\u00e4ngre tid p\u00e5 datorn, utan f\u00f6rsvinner n\u00e4r du st\u00e4nger webbl\u00e4saren.<\/p>\n<p>F\u00f6rutom vanliga cookies finns ett antal andra liknande tekniska l\u00f6sningar.<\/p>\n<p>Du kan st\u00e4nga av m\u00f6jligheten f\u00f6r en webbplats att spara cookies p\u00e5 din dator via din webbl\u00e4sares inst\u00e4llningar. Om du v\u00e4ljer att st\u00e4nga av cookies kan funktionaliteten av vissa funktioner p\u00e5 webbplatsen sluta att fungera korrekt.<\/p>\n<p>Mer information om cookies och lagen om elektronisk kommunikation finns p\u00e5\u00a0<a href=\"http:\/\/www.pts.se\/\" target=\"_blank\" rel=\"nofollow noopener\">Post- och telestyrelsens webbplats<\/a>. Post- och telestyrelsen \u00e4r tillsynsmyndighet f\u00f6r anv\u00e4ndandet av cookies. Integritetsmyndigheten IMY \u00e4r tillsynsmyndighet f\u00f6r dataskyddsf\u00f6rordningen.<\/p>\n<\/div>\n<p>[\/et_pb_text][\/et_pb_column][\/et_pb_row][\/et_pb_section]<\/p>\n","protected":false},"excerpt":{"rendered":"<p>Behandling av personuppgifter \u2013 information enligt Dataskyddsf\u00f6rordningen (2016\/679\/EG) Advokathuset Gothia AB \u00e4r personuppgiftsansvarig f\u00f6r de personuppgifter avseende kontaktpersoner vi erh\u00e5ller i samband med uppdrag eller som annars behandlas n\u00e4r uppdraget f\u00f6rbereds eller administreras. Du \u00e4r inte skyldig att l\u00e4mna personuppgifter till oss men utan att det sker kan vi inte \u00e5ta oss ett uppdrag eftersom [&hellip;]<\/p>\n","protected":false},"author":1,"featured_media":0,"parent":0,"menu_order":0,"comment_status":"closed","ping_status":"closed","template":"","meta":{"_et_pb_use_builder":"on","_et_pb_old_content":"","_et_gb_content_width":"","footnotes":""},"class_list":["post-120","page","type-page","status-publish","hentry"],"_links":{"self":[{"href":"https:\/\/advokathusetgothia.se\/index.php?rest_route=\/wp\/v2\/pages\/120","targetHints":{"allow":["GET"]}}],"collection":[{"href":"https:\/\/advokathusetgothia.se\/index.php?rest_route=\/wp\/v2\/pages"}],"about":[{"href":"https:\/\/advokathusetgothia.se\/index.php?rest_route=\/wp\/v2\/types\/page"}],"author":[{"embeddable":true,"href":"https:\/\/advokathusetgothia.se\/index.php?rest_route=\/wp\/v2\/users\/1"}],"replies":[{"embeddable":true,"href":"https:\/\/advokathusetgothia.se\/index.php?rest_route=%2Fwp%2Fv2%2Fcomments&post=120"}],"version-history":[{"count":5,"href":"https:\/\/advokathusetgothia.se\/index.php?rest_route=\/wp\/v2\/pages\/120\/revisions"}],"predecessor-version":[{"id":257,"href":"https:\/\/advokathusetgothia.se\/index.php?rest_route=\/wp\/v2\/pages\/120\/revisions\/257"}],"wp:attachment":[{"href":"https:\/\/advokathusetgothia.se\/index.php?rest_route=%2Fwp%2Fv2%2Fmedia&parent=120"}],"curies":[{"name":"wp","href":"https:\/\/api.w.org\/{rel}","templated":true}]}}